584.
22
Calculate the remainder when 3738388 is divided by 165.
148
What is the remainder when 105241 is divided by 897?
292
What is the remainder when 3097873 is divided by 1032619?
16
Calculate the remainder when 1255043 is divided by 36.
11
What is the remainder when 456399 is divided by 1818?
81
What is the remainder when 29795 is divided by 118?
59
Calculate the remainder when 124452 is divided by 41429.
165
What is the remainder when 259016 is divided by 15?
11
Calculate the remainder when 1587339 is divided by 20.
19
What is the remainder when 166417 is divided by 18173?
2860
What is the remainder when 17956786 is divided by 17956771?
15
What is the remainder when 5918759 is divided by 1430?
1419
Calculate the remainder when 3155543 is divided by 1577731.
81
Calculate the remainder when 1303682 is divided by 538.
108
Calculate the remainder when 485181 is divided by 412.
257
What is the remainder when 10060 is divided by 1002?
40
What is the remainder when 22251 is divided by 5492?
283
Calculate the remainder when 421252 is divided by 168.
76
Calculate the remainder when 9266 is divided by 47.
7
Calculate the remainder when 8744 is divided by 3975.
794
Calculate the remainder when 16090711 is divided by 49.
42
Calculate the remainder when 3400 is divided by 279.
52
Calculate the remainder when 597837 is divided by 355.
17
What is the remainder when 69837541 is divided by 1621?
1619
Calculate the remainder when 60690371 is divided by 1839102.
5
What is the remainder when 44220 is divided by 1366?
508
What is the remainder when 8979626 is divided by 8119?
12
Calculate the remainder when 86843719 is divided by 809.
805
Calculate the remainder when 190189 is divided by 3301.
2032
Calculate the remainder when 31239 is divided by 4430.
229
What is the remainder when 483353542 is divided by 1764064?
6
Calculate the remainder when 95232 is divided by 222.
216
Calculate the remainder when 720665 is divided by 144128.
25
What is the remainder when 1067411 is divided by 13511?
42
What is the remainder when 44750 is divided by 7421?
224
Calculate the remainder when 122943 is divided by 157.
12
What is the remainder when 21678500 is divided by 3?
2
Calculate the remainder when 25216832 is divided by 2230.
2222
What is the remainder when 6118835 is divided by 9356?
11
Calculate the remainder when 2292212 is divided by 70.
62
What is the remainder when 938188 is divided by 6213?
25
What is the remainder when 3072 is divided by 1981?
1091
What is the remainder when 36765 is divided by 251?
119
What is the remainder when 18612528 is divided by 1511?
30
Calculate the remainder when 122937 is divided by 13556.
933
Calculate the remainder when 582029 is divided by 91.
84
Calculate the remainder when 824819 is divided by 82472.
99
Calculate the remainder when 8667341 is divided by 304.
301
What is the remainder when 128832633 is divided by 354?
351
What is the remainder when 3296911 is divided by 68?
67
Calculate the remainder when 692794 is divided by 1781.
1766
Calculate the remainder when 11177824 is divided by 426.
10
What is the remainder when 2855284 is divided by 47588?
4
Calculate the remainder when 338166 is divided by 2316.
30
Calculate the remainder when 1641980 is divided by 256.
252
What is the remainder when 424117456 is divided by 1038?
1036
What is the remainder when 1605880 is divided by 69819?
43
What is the remainder when 4236482 is divided by 13197?
245
What is the remainder when 107740 is divided by 26234?
2804
What is the remainder when 154218354 is divided by 2315?
2314
What is the remainder when 181564 is divided by 4534?
204
What is the remainder when 122294 is divided by 8075?
1169
Calculate the remainder when 398178 is divided by 426.
294
Calculate the remainder when 24017762 is divided by 11.
10
What is the remainder when 5566420 is divided by 2783088?
244
What is the remainder when 1723101 is divided by 574336?
93
Calculate the remainder when 4927177 is divided by 1045.
2
Calculate the remainder when 683025 is divided by 170754.
9
What is the remainder when 133215 is divided by 30?
15
Calculate the remainder when 111145934 is divided by 37048644.
2
What is the remainder when 1507050 is divided by 376754?
34
What is the remainder when 576502 is divided by 79?
39
Calculate the remainder when 5339 is divided by 3498.
1841
Calculate the remainder when 467570 is divided by 58445.
10
What is the remainder when 166143937 is divided by 635?
632
Calculate the remainder when 2701 is divided by 622.
213
What is the remainder when 93012 is divided by 11612?
116
What is the remainder when 894287 is divided by 4?
3
What is the remainder when 16474320 is divided by 8237159?
2
What is the remainder when 1867626 is divided by 693?
684
What is the remainder when 62930 is divided by 4893?
4214
Calculate the remainder when 22334938 is divided by 81.
79
Calculate the remainder when 6004 is divided by 241.
220
What is the remainder when 4778156 is divided by 3891?
8
Calculate the remainder when 273890 is divided by 971.
68
Calculate the remainder when 281618 is divided by 5398.
922
Calculate the remainder when 741567 is divided by 74154.
27
What is the remainder when 8007915 is divided by 4003954?
7
Calculate the remainder when 1411590 is divided by 494.
232
What is the remainder when 537649 is divided by 1022?
77
What is the remainder when 7726839 is divided by 340?
339
Calculate the remainder when 4084315 is divided by 816856.
35
What is the remainder when 4487189 is divided by 375?
314
Calculate the remainder when 143936000 is divided by 6831.
6830
Calculate the remainder when 2841175 is divided by 56822.
75
Calculate the remainder when 60911 is divided by 1272.
1127
What is the remainder when 710478 is divided by 166?
164
What is the remainder when 8637 is divided by 1473?
1272
What is the remainder when 94861 is divided by 47421?
19
Calculate the remainder when 855706 is divided by 49.
19
What is the remainder when 8672646 is divided by 6905?
6871
Calculate the remainder when 407963249 is divided by 171.
170
What is the remainder when 413174 is divided by 137410?
944
What is the remainder when 2658674 is divided by 2428?
14
Calculate the remainder when 269144 is divided by 178.
8
Calculate the remainder when 55942241 is divided by 3250.
3241
Calculate the remainder when 460171 is divided by 985.
176
Calculate the remainder when 1358450 is divided by 279.
278
Calculate the remainder when 2001207 is divided by 1000574.
59
Calculate the remainder when 345721066 is divided by 693.
691
What is the remainder when 21557242 is divided by 496?
90
Calculate the remainder when 32902340 is divided by 63888.
20
What is the remainder when 74006208 is divided by 2524?
4
Calculate the remainder when 463140 is divided by 9081.
9
What is the remainder when 4968273 is divided by 2674?
2655
What is the remainder when 3578486 is divided by 77?
65
What is the remainder when 931403 is divided by 155136?
587
What is the remainder when 214146 is divided by 1216?
130
What is the remainder when 772620 is divided by 14577?
39
What is the remainder when 3344257 is divided by 418032?
1
Calculate the remainder when 8349354 is divided by 134667.
0
Calculate the remainder when 31025 is divided by 3096.
65
What is the remainder when 149417 is divided by 2750?
917
What is the remainder when 13300 is divided by 1170?
430
What is the remainder when 1524930 is divided by 23?
7
What is the remainder when 1999363 is divided by 32?
3
Calculate the remainder when 2623205 is divided by 994.
39
Calculate the remainder when 97004710 is divided by 94.
0
Calculate the remainder when 6194122 is divided by 249.
247
Calculate the remainder when 497437 is divided by 2108.
2057
Calculate the remainder when 121533149 is divided by 13.
10
What is the remainder when 80646 is divided by 5665?
1336
What is the remainder when 3970273 is divided by 43?
40
Calculate the remainder when 104705799 is divided by 1938996.
15
Calculate the remainder when 471694 is divided by 2824.
86
What is the remainder when 7237519 is divided by 47?
36
What is the remainder when 89696 is divided by 4444?
816
Calculate the remainder when 700482 is divided by 53883.
3
What is the remainder when 33165 is divided by 754?
7